{"id":1519,"date":"2018-03-06T11:41:15","date_gmt":"2018-03-06T11:41:15","guid":{"rendered":"https:\/\/kzzywiec.org\/?page_id=1519"},"modified":"2020-02-03T15:36:58","modified_gmt":"2020-02-03T15:36:58","slug":"swiadectwa","status":"publish","type":"page","link":"https:\/\/kzzywiec.org\/index.php\/swiadectwa\/","title":{"rendered":"\u015awiadectwa"},"content":{"rendered":"<div id=\"pl-1519\"  class=\"panel-layout\" ><div id=\"pg-1519-0\"  class=\"panel-grid panel-has-style\" ><div class=\"siteorigin-panels-stretch panel-row-style panel-row-style-for-1519-0\" data-stretch-type=\"full\" ><div id=\"pgc-1519-0-0\"  class=\"panel-grid-cell\" ><div id=\"panel-1519-0-0-0\" class=\"so-panel widget widget_sow-editor panel-first-child panel-last-child\" data-index=\"0\" ><div\n\t\t\t\n\t\t\tclass=\"so-widget-sow-editor so-widget-sow-editor-base\"\n\t\t\t\n\t\t>\n<div class=\"siteorigin-widget-tinymce textwidget\">\n\t<h3 style=\"text-align: left;\">\n<p align=\"justify\">\u015awiadectwa to autentyczne historie z \u017cycia cz\u0142onk\u00f3w naszego zboru. To opisy wydarze\u0144, w kt\u00f3rych objawia si\u0119 Bo\u017ce dzia\u0142anie w codziennym \u017cyciu. Pragniemy odda\u0107 Bogu nale\u017cn\u0105 mu cze\u015b\u0107 za wszystkie otrzymane dary i wype\u0142nione modlitwy. Chcemy by nasze historie pokaza\u0142y ludziom jak namacalne s\u0105 dzie\u0142a Bo\u017ce, a tak\u017ce to, \u017ce z Bogiem WSZYSTKO jest mo\u017cliwe.<\/p>\n<\/h3>\n<\/div>\n<\/div><\/div><\/div><\/div><\/div><div id=\"pg-1519-1\"  class=\"panel-grid panel-no-style\" ><div id=\"pgc-1519-1-0\"  class=\"panel-grid-cell\" ><div id=\"panel-1519-1-0-0\" class=\"so-panel widget widget_media_image panel-first-child panel-last-child\" data-index=\"1\" ><img loading=\"lazy\" decoding=\"async\" width=\"525\" height=\"472\" src=\"https:\/\/kzzywiec.org\/wp-content\/uploads\/2018\/03\/woman-2827304_1920-e1520854835776-1024x921.jpg\" class=\"image wp-image-1560  attachment-large size-large\" alt=\"\" style=\"max-width: 100%; height: auto;\" srcset=\"https:\/\/kzzywiec.org\/wp-content\/uploads\/2018\/03\/woman-2827304_1920-e1520854835776-1024x921.jpg 1024w, https:\/\/kzzywiec.org\/wp-content\/uploads\/2018\/03\/woman-2827304_1920-e1520854835776-300x270.jpg 300w, https:\/\/kzzywiec.org\/wp-content\/uploads\/2018\/03\/woman-2827304_1920-e1520854835776-768x691.jpg 768w, https:\/\/kzzywiec.org\/wp-content\/uploads\/2018\/03\/woman-2827304_1920-e1520854835776.jpg 1200w\" sizes=\"auto, 100vw\" \/><\/div><\/div><div id=\"pgc-1519-1-1\"  class=\"panel-grid-cell\" ><div id=\"panel-1519-1-1-0\" class=\"so-panel widget widget_sow-editor panel-first-child panel-last-child\" data-index=\"2\" ><div\n\t\t\t\n\t\t\tclass=\"so-widget-sow-editor so-widget-sow-editor-base\"\n\t\t\t\n\t\t><h3 class=\"widget-title\">Uzdrowienie z problem\u00f3w nerwowych - \u015bwiadectwo Patrycji<\/h3>\n<div class=\"siteorigin-widget-tinymce textwidget\">\n\t<p align=\"justify\">Moja kole\u017canka lata zmaga si\u0119 z problemami na tle nerwowym. Bywa sfrustrowana, znerwicowana, nie potrafi w pe\u0142ni zapanowa\u0107 nad swoimi emocjami. Gdy dowiedzia\u0142am si\u0119 o tym, \u017ce nie potrafi sobie z tym poradzi\u0107 i musi za\u017cywa\u0107 leki, stwierdzi\u0142am, \u017ce potrzebuje modlitwy. Razem z lud\u017ami z naszego zboru modlili\u015bmy si\u0119 o ni\u0105, a ja cz\u0119sto j\u0105 b\u0142ogos\u0142awi\u0142am gdy mia\u0142am z ni\u0105 kontakt . Po pewnym czasie, powiedzia\u0142a , \u017ce przesta\u0142a obgryza\u0107 paznokcie (objaw nerwicy), jednak nie ma poj\u0119cia jak to si\u0119 sta\u0142o skoro nigdy nie potrafi\u0142a nad tym zapanowa\u0107 - od dziecka mia\u0142a z tym problem - teraz jest ju\u017c doros\u0142\u0105 kobiet\u0105. B\u00f3g dotyka si\u0119 ludzi, kt\u00f3rzy maj\u0105 problemy duchowe. Dzi\u015b kole\u017canka jest spokojniejsza i b\u0142ogos\u0142awi\u0119 j\u0105 z tego miejsca, by Bo\u017ca moc i ochrona by\u0142a obecna w jej \u017cyciu. Amen<\/p>\n<\/div>\n<\/div><\/div><\/div><\/div><div id=\"pg-1519-2\"  class=\"panel-grid panel-no-style\" ><div id=\"pgc-1519-2-0\"  class=\"panel-grid-cell\" ><div id=\"panel-1519-2-0-0\" class=\"so-panel widget widget_sow-editor panel-first-child panel-last-child\" data-index=\"3\" ><div\n\t\t\t\n\t\t\tclass=\"so-widget-sow-editor so-widget-sow-editor-base\"\n\t\t\t\n\t\t><h3 class=\"widget-title\">Uzdrawiaj\u0105ca moc modlitwy - \u015bwiadectwo Patrycji<\/h3>\n<div class=\"siteorigin-widget-tinymce textwidget\">\n\t<p align=\"justify\">Na stronie spo\u0142eczno\u015bciowej zobaczy\u0142am pewien post odno\u015bnie bardzo chorego Adama walcz\u0105cego o swoje \u017cycie w szpitalu.\u00a0Adam by\u0142 dzieckiem kt\u00f3re mia\u0142o problemy ze wzmo\u017conym napi\u0119ciem mi\u0119\u015bniowym, by\u0142o bardzo wygi\u0119te i mia\u0142o bardzo du\u017co atak\u00f3w epilepsji. Jego matka prosi\u0142a o modlitw\u0119 wi\u0119c zacz\u0119li\u015bmy si\u0119 modli\u0107.<br \/>Od miesi\u0105ca jest znaczna poprawa funkcjonowania Adama. Jest spokojny, a przede wszystkim lu\u017any ( jego napi\u0119cie mi\u0119\u015bniowe si\u0119 obni\u017cy\u0142o ). Nie jeste\u015bmy sobie w stanie wyobrazi\u0107 co czuje cz\u0142owiek, kt\u00f3ry przez ca\u0142e \u017cycie ma spi\u0119te cia\u0142o i nie mo\u017ce si\u0119 rozlu\u017ani\u0107. Kolejnym wa\u017cnym aspektem je\u017celi chodzi o moc Bo\u017c\u0105 jest fakt, \u017ce dziecko od tygodnia nie ma atak\u00f3w epilepsji , a miewa\u0142o je codziennie, nawet po kilka razy w ci\u0105gu jednego dnia. Pan B\u00f3g jest wszechmog\u0105cy, jest uzdrowicielem i dla Niego nie ma rzeczy niemo\u017cliwych, a modlitwa to najcenniejsza czynno\u015b\u0107 na \u015awiecie. Niech B\u00f3g - Pan nasz, dotyka si\u0119 chorych, niech ich leczy i b\u0142ogos\u0142awi. Amen<\/p>\n<\/div>\n<\/div><\/div><\/div><div id=\"pgc-1519-2-1\"  class=\"panel-grid-cell\" ><div id=\"panel-1519-2-1-0\" class=\"so-panel widget widget_media_image panel-first-child panel-last-child\" data-index=\"4\" ><img loading=\"lazy\" decoding=\"async\" width=\"525\" height=\"525\" src=\"https:\/\/kzzywiec.org\/wp-content\/uploads\/2018\/03\/baby-623417_1920-e1520855100765-1024x1024.jpg\" class=\"image wp-image-1559  attachment-large size-large\" alt=\"\" style=\"max-width: 100%; height: auto;\" srcset=\"https:\/\/kzzywiec.org\/wp-content\/uploads\/2018\/03\/baby-623417_1920-e1520855100765-1024x1024.jpg 1024w, https:\/\/kzzywiec.org\/wp-content\/uploads\/2018\/03\/baby-623417_1920-e1520855100765-150x150.jpg 150w, https:\/\/kzzywiec.org\/wp-content\/uploads\/2018\/03\/baby-623417_1920-e1520855100765-300x300.jpg 300w, https:\/\/kzzywiec.org\/wp-content\/uploads\/2018\/03\/baby-623417_1920-e1520855100765-768x768.jpg 768w, https:\/\/kzzywiec.org\/wp-content\/uploads\/2018\/03\/baby-623417_1920-e1520855100765-100x100.jpg 100w, https:\/\/kzzywiec.org\/wp-content\/uploads\/2018\/03\/baby-623417_1920-e1520855100765.jpg 1320w\" sizes=\"auto, 100vw\" \/><\/div><\/div><\/div><\/div>","protected":false},"excerpt":{"rendered":"<p>\u015awiadectwa to autentyczne historie z \u017cycia cz\u0142onk\u00f3w naszego zboru. To opisy wydarze\u0144, w kt\u00f3rych objawia si\u0119 Bo\u017ce dzia\u0142anie w codziennym \u017cyciu. Pragniemy odda\u0107 Bogu nale\u017cn\u0105 mu cze\u015b\u0107 za wszystkie otrzymane dary i wype\u0142nione modlitwy. Chcemy by nasze historie pokaza\u0142y ludziom jak namacalne s\u0105 dzie\u0142a Bo\u017ce, a tak\u017ce to, \u017ce z Bogiem WSZYSTKO jest mo\u017cliwe. Moja &hellip; <\/p>\n<p class=\"link-more\"><a href=\"https:\/\/kzzywiec.org\/index.php\/swiadectwa\/\" class=\"more-link\">Czytaj dalej<span class=\"screen-reader-text\"> \u201e\u015awiadectwa\u201d<\/span><\/a><\/p>\n","protected":false},"author":1,"featured_media":0,"parent":0,"menu_order":0,"comment_status":"closed","ping_status":"closed","template":"","meta":{"footnotes":""},"class_list":["post-1519","page","type-page","status-publish","hentry"],"yoast_head":"<!-- This site is optimized with the Yoast SEO plugin v26.8 - https:\/\/yoast.com\/product\/yoast-seo-wordpress\/ -->\n<title>Ko\u015bci\u00f3\u0142 Zielono\u015bwi\u0105tkowy Zb\u00f3r w \u017bywcu<\/title>\n<meta name=\"description\" content=\"Ko\u015bci\u00f3\u0142 Zielono\u015bwi\u0105tkowy w \u017bywcu to spo\u0142eczno\u015b\u0107 chrze\u015bcija\u0144ska o charakterze charyzmatycznym. G\u0142osimy pe\u0142n\u0105 ewangeli\u0119 i wyznajemy, \u017ce Pismo \u015awi\u0119te jest podstawow\u0105 norm\u0105 naszej wiary i przewodnikiem do \u017cycia zgodnego z wol\u0105 Bo\u017c\u0105.\" \/>\n<meta name=\"robots\" content=\"index, follow, max-snippet:-1, max-image-preview:large, max-video-preview:-1\" \/>\n<link rel=\"canonical\" href=\"https:\/\/kzzywiec.org\/index.php\/swiadectwa\/\" \/>\n<meta property=\"og:locale\" content=\"pl_PL\" \/>\n<meta property=\"og:type\" content=\"article\" \/>\n<meta property=\"og:title\" content=\"Ko\u015bci\u00f3\u0142 Zielono\u015bwi\u0105tkowy Zb\u00f3r w \u017bywcu\" \/>\n<meta property=\"og:description\" content=\"Ko\u015bci\u00f3\u0142 Zielono\u015bwi\u0105tkowy w \u017bywcu to spo\u0142eczno\u015b\u0107 chrze\u015bcija\u0144ska o charakterze charyzmatycznym. G\u0142osimy pe\u0142n\u0105 ewangeli\u0119 i wyznajemy, \u017ce Pismo \u015awi\u0119te jest podstawow\u0105 norm\u0105 naszej wiary i przewodnikiem do \u017cycia zgodnego z wol\u0105 Bo\u017c\u0105.\" \/>\n<meta property=\"og:url\" content=\"https:\/\/kzzywiec.org\/index.php\/swiadectwa\/\" \/>\n<meta property=\"og:site_name\" content=\"Ko\u015bci\u00f3\u0142 Zielono\u015bwi\u0105tkowy Zb\u00f3r w \u017bywcu\" \/>\n<meta property=\"article:publisher\" content=\"https:\/\/www.facebook.com\/kzzywiec\/\" \/>\n<meta property=\"article:modified_time\" content=\"2020-02-03T15:36:58+00:00\" \/>\n<meta name=\"twitter:card\" content=\"summary_large_image\" \/>\n<meta name=\"twitter:label1\" content=\"Szacowany czas czytania\" \/>\n\t<meta name=\"twitter:data1\" content=\"2 minuty\" \/>\n<script type=\"application\/ld+json\" class=\"yoast-schema-graph\">{\"@context\":\"https:\/\/schema.org\",\"@graph\":[{\"@type\":\"WebPage\",\"@id\":\"https:\/\/kzzywiec.org\/index.php\/swiadectwa\/\",\"url\":\"https:\/\/kzzywiec.org\/index.php\/swiadectwa\/\",\"name\":\"Ko\u015bci\u00f3\u0142 Zielono\u015bwi\u0105tkowy Zb\u00f3r w \u017bywcu\",\"isPartOf\":{\"@id\":\"https:\/\/kzzywiec.org\/#website\"},\"datePublished\":\"2018-03-06T11:41:15+00:00\",\"dateModified\":\"2020-02-03T15:36:58+00:00\",\"description\":\"Ko\u015bci\u00f3\u0142 Zielono\u015bwi\u0105tkowy w \u017bywcu to spo\u0142eczno\u015b\u0107 chrze\u015bcija\u0144ska o charakterze charyzmatycznym. G\u0142osimy pe\u0142n\u0105 ewangeli\u0119 i wyznajemy, \u017ce Pismo \u015awi\u0119te jest podstawow\u0105 norm\u0105 naszej wiary i przewodnikiem do \u017cycia zgodnego z wol\u0105 Bo\u017c\u0105.\",\"breadcrumb\":{\"@id\":\"https:\/\/kzzywiec.org\/index.php\/swiadectwa\/#breadcrumb\"},\"inLanguage\":\"pl-PL\",\"potentialAction\":[{\"@type\":\"ReadAction\",\"target\":[\"https:\/\/kzzywiec.org\/index.php\/swiadectwa\/\"]}]},{\"@type\":\"BreadcrumbList\",\"@id\":\"https:\/\/kzzywiec.org\/index.php\/swiadectwa\/#breadcrumb\",\"itemListElement\":[{\"@type\":\"ListItem\",\"position\":1,\"name\":\"Strona g\u0142\u00f3wna\",\"item\":\"https:\/\/kzzywiec.org\/\"},{\"@type\":\"ListItem\",\"position\":2,\"name\":\"\u015awiadectwa\"}]},{\"@type\":\"WebSite\",\"@id\":\"https:\/\/kzzywiec.org\/#website\",\"url\":\"https:\/\/kzzywiec.org\/\",\"name\":\"Ko\u015bci\u00f3\u0142 Zielono\u015bwi\u0105tkowy Zb\u00f3r w \u017bywcu\",\"description\":\"\",\"publisher\":{\"@id\":\"https:\/\/kzzywiec.org\/#organization\"},\"potentialAction\":[{\"@type\":\"SearchAction\",\"target\":{\"@type\":\"EntryPoint\",\"urlTemplate\":\"https:\/\/kzzywiec.org\/?s={search_term_string}\"},\"query-input\":{\"@type\":\"PropertyValueSpecification\",\"valueRequired\":true,\"valueName\":\"search_term_string\"}}],\"inLanguage\":\"pl-PL\"},{\"@type\":\"Organization\",\"@id\":\"https:\/\/kzzywiec.org\/#organization\",\"name\":\"Ko\u015bci\u00f3\u0142 Zielono\u015bwi\u0105tkowy Zb\u00f3r w \u017bywcu\",\"url\":\"https:\/\/kzzywiec.org\/\",\"logo\":{\"@type\":\"ImageObject\",\"inLanguage\":\"pl-PL\",\"@id\":\"https:\/\/kzzywiec.org\/#\/schema\/logo\/image\/\",\"url\":\"https:\/\/kzzywiec.org\/wp-content\/uploads\/2018\/02\/ikona.png\",\"contentUrl\":\"https:\/\/kzzywiec.org\/wp-content\/uploads\/2018\/02\/ikona.png\",\"width\":512,\"height\":512,\"caption\":\"Ko\u015bci\u00f3\u0142 Zielono\u015bwi\u0105tkowy Zb\u00f3r w \u017bywcu\"},\"image\":{\"@id\":\"https:\/\/kzzywiec.org\/#\/schema\/logo\/image\/\"},\"sameAs\":[\"https:\/\/www.facebook.com\/kzzywiec\/\"]}]}<\/script>\n<!-- \/ Yoast SEO plugin. -->","yoast_head_json":{"title":"Ko\u015bci\u00f3\u0142 Zielono\u015bwi\u0105tkowy Zb\u00f3r w \u017bywcu","description":"Ko\u015bci\u00f3\u0142 Zielono\u015bwi\u0105tkowy w \u017bywcu to spo\u0142eczno\u015b\u0107 chrze\u015bcija\u0144ska o charakterze charyzmatycznym. G\u0142osimy pe\u0142n\u0105 ewangeli\u0119 i wyznajemy, \u017ce Pismo \u015awi\u0119te jest podstawow\u0105 norm\u0105 naszej wiary i przewodnikiem do \u017cycia zgodnego z wol\u0105 Bo\u017c\u0105.","robots":{"index":"index","follow":"follow","max-snippet":"max-snippet:-1","max-image-preview":"max-image-preview:large","max-video-preview":"max-video-preview:-1"},"canonical":"https:\/\/kzzywiec.org\/index.php\/swiadectwa\/","og_locale":"pl_PL","og_type":"article","og_title":"Ko\u015bci\u00f3\u0142 Zielono\u015bwi\u0105tkowy Zb\u00f3r w \u017bywcu","og_description":"Ko\u015bci\u00f3\u0142 Zielono\u015bwi\u0105tkowy w \u017bywcu to spo\u0142eczno\u015b\u0107 chrze\u015bcija\u0144ska o charakterze charyzmatycznym. G\u0142osimy pe\u0142n\u0105 ewangeli\u0119 i wyznajemy, \u017ce Pismo \u015awi\u0119te jest podstawow\u0105 norm\u0105 naszej wiary i przewodnikiem do \u017cycia zgodnego z wol\u0105 Bo\u017c\u0105.","og_url":"https:\/\/kzzywiec.org\/index.php\/swiadectwa\/","og_site_name":"Ko\u015bci\u00f3\u0142 Zielono\u015bwi\u0105tkowy Zb\u00f3r w \u017bywcu","article_publisher":"https:\/\/www.facebook.com\/kzzywiec\/","article_modified_time":"2020-02-03T15:36:58+00:00","twitter_card":"summary_large_image","twitter_misc":{"Szacowany czas czytania":"2 minuty"},"schema":{"@context":"https:\/\/schema.org","@graph":[{"@type":"WebPage","@id":"https:\/\/kzzywiec.org\/index.php\/swiadectwa\/","url":"https:\/\/kzzywiec.org\/index.php\/swiadectwa\/","name":"Ko\u015bci\u00f3\u0142 Zielono\u015bwi\u0105tkowy Zb\u00f3r w \u017bywcu","isPartOf":{"@id":"https:\/\/kzzywiec.org\/#website"},"datePublished":"2018-03-06T11:41:15+00:00","dateModified":"2020-02-03T15:36:58+00:00","description":"Ko\u015bci\u00f3\u0142 Zielono\u015bwi\u0105tkowy w \u017bywcu to spo\u0142eczno\u015b\u0107 chrze\u015bcija\u0144ska o charakterze charyzmatycznym. G\u0142osimy pe\u0142n\u0105 ewangeli\u0119 i wyznajemy, \u017ce Pismo \u015awi\u0119te jest podstawow\u0105 norm\u0105 naszej wiary i przewodnikiem do \u017cycia zgodnego z wol\u0105 Bo\u017c\u0105.","breadcrumb":{"@id":"https:\/\/kzzywiec.org\/index.php\/swiadectwa\/#breadcrumb"},"inLanguage":"pl-PL","potentialAction":[{"@type":"ReadAction","target":["https:\/\/kzzywiec.org\/index.php\/swiadectwa\/"]}]},{"@type":"BreadcrumbList","@id":"https:\/\/kzzywiec.org\/index.php\/swiadectwa\/#breadcrumb","itemListElement":[{"@type":"ListItem","position":1,"name":"Strona g\u0142\u00f3wna","item":"https:\/\/kzzywiec.org\/"},{"@type":"ListItem","position":2,"name":"\u015awiadectwa"}]},{"@type":"WebSite","@id":"https:\/\/kzzywiec.org\/#website","url":"https:\/\/kzzywiec.org\/","name":"Ko\u015bci\u00f3\u0142 Zielono\u015bwi\u0105tkowy Zb\u00f3r w \u017bywcu","description":"","publisher":{"@id":"https:\/\/kzzywiec.org\/#organization"},"potentialAction":[{"@type":"SearchAction","target":{"@type":"EntryPoint","urlTemplate":"https:\/\/kzzywiec.org\/?s={search_term_string}"},"query-input":{"@type":"PropertyValueSpecification","valueRequired":true,"valueName":"search_term_string"}}],"inLanguage":"pl-PL"},{"@type":"Organization","@id":"https:\/\/kzzywiec.org\/#organization","name":"Ko\u015bci\u00f3\u0142 Zielono\u015bwi\u0105tkowy Zb\u00f3r w \u017bywcu","url":"https:\/\/kzzywiec.org\/","logo":{"@type":"ImageObject","inLanguage":"pl-PL","@id":"https:\/\/kzzywiec.org\/#\/schema\/logo\/image\/","url":"https:\/\/kzzywiec.org\/wp-content\/uploads\/2018\/02\/ikona.png","contentUrl":"https:\/\/kzzywiec.org\/wp-content\/uploads\/2018\/02\/ikona.png","width":512,"height":512,"caption":"Ko\u015bci\u00f3\u0142 Zielono\u015bwi\u0105tkowy Zb\u00f3r w \u017bywcu"},"image":{"@id":"https:\/\/kzzywiec.org\/#\/schema\/logo\/image\/"},"sameAs":["https:\/\/www.facebook.com\/kzzywiec\/"]}]}},"_links":{"self":[{"href":"https:\/\/kzzywiec.org\/index.php\/wp-json\/wp\/v2\/pages\/1519","targetHints":{"allow":["GET"]}}],"collection":[{"href":"https:\/\/kzzywiec.org\/index.php\/wp-json\/wp\/v2\/pages"}],"about":[{"href":"https:\/\/kzzywiec.org\/index.php\/wp-json\/wp\/v2\/types\/page"}],"author":[{"embeddable":true,"href":"https:\/\/kzzywiec.org\/index.php\/wp-json\/wp\/v2\/users\/1"}],"replies":[{"embeddable":true,"href":"https:\/\/kzzywiec.org\/index.php\/wp-json\/wp\/v2\/comments?post=1519"}],"version-history":[{"count":40,"href":"https:\/\/kzzywiec.org\/index.php\/wp-json\/wp\/v2\/pages\/1519\/revisions"}],"predecessor-version":[{"id":1956,"href":"https:\/\/kzzywiec.org\/index.php\/wp-json\/wp\/v2\/pages\/1519\/revisions\/1956"}],"wp:attachment":[{"href":"https:\/\/kzzywiec.org\/index.php\/wp-json\/wp\/v2\/media?parent=1519"}],"curies":[{"name":"wp","href":"https:\/\/api.w.org\/{rel}","templated":true}]}}