{"id":2419,"date":"2024-04-20T10:37:36","date_gmt":"2024-04-20T10:37:36","guid":{"rendered":"https:\/\/kzzywiec.org\/wp-content\/uploads\/2024\/04\/14.04.2024-E-Gradek-Kr\u00f3lowie.mp3"},"modified":"2024-04-20T10:37:42","modified_gmt":"2024-04-20T10:37:42","slug":"14-04-2024-e-gradek-krolowie","status":"inherit","type":"attachment","link":"https:\/\/kzzywiec.org\/index.php\/2024\/04\/14\/krolowie-e-gradek\/14-04-2024-e-gradek-krolowie\/","title":{"rendered":"14.04.2024 E Gradek- Kr\u00f3lowie"},"author":3,"featured_media":0,"comment_status":"closed","ping_status":"closed","template":"","meta":[],"class_list":["post-2419","attachment","type-attachment","status-inherit","hentry","media_category-kazania-2024"],"yoast_head":"<!-- This site is optimized with the Yoast SEO plugin v26.8 - https:\/\/yoast.com\/product\/yoast-seo-wordpress\/ -->\n<title>14.04.2024 E Gradek- Kr\u00f3lowie | Ko\u015bci\u00f3\u0142 Zielono\u015bwi\u0105tkowy Zb\u00f3r w \u017bywcu<\/title>\n<meta name=\"robots\" content=\"index, follow, max-snippet:-1, max-image-preview:large, max-video-preview:-1\" \/>\n<link rel=\"canonical\" href=\"https:\/\/kzzywiec.org\/wp-content\/uploads\/2024\/04\/14.04.2024-E-Gradek-Kr\u00f3lowie.mp3\" \/>\n<meta property=\"og:locale\" content=\"pl_PL\" \/>\n<meta property=\"og:type\" content=\"article\" \/>\n<meta property=\"og:title\" content=\"14.04.2024 E Gradek- Kr\u00f3lowie | Ko\u015bci\u00f3\u0142 Zielono\u015bwi\u0105tkowy Zb\u00f3r w \u017bywcu\" \/>\n<meta property=\"og:description\" content=\"https:\/\/kzzywiec.org\/wp-content\/uploads\/2024\/04\/14.04.2024-E-Gradek-Kr\u00f3lowie.mp3 &#8222;14.04.2024 E Gradek- Kr\u00f3lowie&#8221;.\" \/>\n<meta property=\"og:url\" content=\"https:\/\/kzzywiec.org\/wp-content\/uploads\/2024\/04\/14.04.2024-E-Gradek-Kr\u00f3lowie.mp3\" \/>\n<meta property=\"og:site_name\" content=\"Ko\u015bci\u00f3\u0142 Zielono\u015bwi\u0105tkowy Zb\u00f3r w \u017bywcu\" \/>\n<meta property=\"article:publisher\" content=\"https:\/\/www.facebook.com\/kzzywiec\/\" \/>\n<meta property=\"article:modified_time\" content=\"2024-04-20T10:37:42+00:00\" \/>\n<meta name=\"twitter:card\" content=\"summary_large_image\" \/>\n<script type=\"application\/ld+json\" class=\"yoast-schema-graph\">{\"@context\":\"https:\/\/schema.org\",\"@graph\":[{\"@type\":\"WebPage\",\"@id\":\"https:\/\/kzzywiec.org\/wp-content\/uploads\/2024\/04\/14.04.2024-E-Gradek-Kr\u00f3lowie.mp3\",\"url\":\"https:\/\/kzzywiec.org\/wp-content\/uploads\/2024\/04\/14.04.2024-E-Gradek-Kr\u00f3lowie.mp3\",\"name\":\"14.04.2024 E Gradek- Kr\u00f3lowie | Ko\u015bci\u00f3\u0142 Zielono\u015bwi\u0105tkowy Zb\u00f3r w \u017bywcu\",\"isPartOf\":{\"@id\":\"https:\/\/kzzywiec.org\/#website\"},\"datePublished\":\"2024-04-20T10:37:36+00:00\",\"dateModified\":\"2024-04-20T10:37:42+00:00\",\"breadcrumb\":{\"@id\":\"https:\/\/kzzywiec.org\/wp-content\/uploads\/2024\/04\/14.04.2024-E-Gradek-Kr\u00f3lowie.mp3#breadcrumb\"},\"inLanguage\":\"pl-PL\",\"potentialAction\":[{\"@type\":\"ReadAction\",\"target\":[\"https:\/\/kzzywiec.org\/wp-content\/uploads\/2024\/04\/14.04.2024-E-Gradek-Kr\u00f3lowie.mp3\"]}]},{\"@type\":\"BreadcrumbList\",\"@id\":\"https:\/\/kzzywiec.org\/wp-content\/uploads\/2024\/04\/14.04.2024-E-Gradek-Kr\u00f3lowie.mp3#breadcrumb\",\"itemListElement\":[{\"@type\":\"ListItem\",\"position\":1,\"name\":\"Strona g\u0142\u00f3wna\",\"item\":\"https:\/\/kzzywiec.org\/\"},{\"@type\":\"ListItem\",\"position\":2,\"name\":\"Kr\u00f3lowie &#8211; E. Gradek\",\"item\":\"https:\/\/kzzywiec.org\/index.php\/2024\/04\/14\/krolowie-e-gradek\/\"},{\"@type\":\"ListItem\",\"position\":3,\"name\":\"14.04.2024 E Gradek- Kr\u00f3lowie\"}]},{\"@type\":\"WebSite\",\"@id\":\"https:\/\/kzzywiec.org\/#website\",\"url\":\"https:\/\/kzzywiec.org\/\",\"name\":\"Ko\u015bci\u00f3\u0142 Zielono\u015bwi\u0105tkowy Zb\u00f3r w \u017bywcu\",\"description\":\"\",\"publisher\":{\"@id\":\"https:\/\/kzzywiec.org\/#organization\"},\"potentialAction\":[{\"@type\":\"SearchAction\",\"target\":{\"@type\":\"EntryPoint\",\"urlTemplate\":\"https:\/\/kzzywiec.org\/?s={search_term_string}\"},\"query-input\":{\"@type\":\"PropertyValueSpecification\",\"valueRequired\":true,\"valueName\":\"search_term_string\"}}],\"inLanguage\":\"pl-PL\"},{\"@type\":\"Organization\",\"@id\":\"https:\/\/kzzywiec.org\/#organization\",\"name\":\"Ko\u015bci\u00f3\u0142 Zielono\u015bwi\u0105tkowy Zb\u00f3r w \u017bywcu\",\"url\":\"https:\/\/kzzywiec.org\/\",\"logo\":{\"@type\":\"ImageObject\",\"inLanguage\":\"pl-PL\",\"@id\":\"https:\/\/kzzywiec.org\/#\/schema\/logo\/image\/\",\"url\":\"https:\/\/kzzywiec.org\/wp-content\/uploads\/2018\/02\/ikona.png\",\"contentUrl\":\"https:\/\/kzzywiec.org\/wp-content\/uploads\/2018\/02\/ikona.png\",\"width\":512,\"height\":512,\"caption\":\"Ko\u015bci\u00f3\u0142 Zielono\u015bwi\u0105tkowy Zb\u00f3r w \u017bywcu\"},\"image\":{\"@id\":\"https:\/\/kzzywiec.org\/#\/schema\/logo\/image\/\"},\"sameAs\":[\"https:\/\/www.facebook.com\/kzzywiec\/\"]}]}<\/script>\n<!-- \/ Yoast SEO plugin. -->","yoast_head_json":{"title":"14.04.2024 E Gradek- Kr\u00f3lowie | Ko\u015bci\u00f3\u0142 Zielono\u015bwi\u0105tkowy Zb\u00f3r w \u017bywcu","robots":{"index":"index","follow":"follow","max-snippet":"max-snippet:-1","max-image-preview":"max-image-preview:large","max-video-preview":"max-video-preview:-1"},"canonical":"https:\/\/kzzywiec.org\/wp-content\/uploads\/2024\/04\/14.04.2024-E-Gradek-Kr\u00f3lowie.mp3","og_locale":"pl_PL","og_type":"article","og_title":"14.04.2024 E Gradek- Kr\u00f3lowie | Ko\u015bci\u00f3\u0142 Zielono\u015bwi\u0105tkowy Zb\u00f3r w \u017bywcu","og_description":"https:\/\/kzzywiec.org\/wp-content\/uploads\/2024\/04\/14.04.2024-E-Gradek-Kr\u00f3lowie.mp3 &#8222;14.04.2024 E Gradek- Kr\u00f3lowie&#8221;.","og_url":"https:\/\/kzzywiec.org\/wp-content\/uploads\/2024\/04\/14.04.2024-E-Gradek-Kr\u00f3lowie.mp3","og_site_name":"Ko\u015bci\u00f3\u0142 Zielono\u015bwi\u0105tkowy Zb\u00f3r w \u017bywcu","article_publisher":"https:\/\/www.facebook.com\/kzzywiec\/","article_modified_time":"2024-04-20T10:37:42+00:00","twitter_card":"summary_large_image","schema":{"@context":"https:\/\/schema.org","@graph":[{"@type":"WebPage","@id":"https:\/\/kzzywiec.org\/wp-content\/uploads\/2024\/04\/14.04.2024-E-Gradek-Kr\u00f3lowie.mp3","url":"https:\/\/kzzywiec.org\/wp-content\/uploads\/2024\/04\/14.04.2024-E-Gradek-Kr\u00f3lowie.mp3","name":"14.04.2024 E Gradek- Kr\u00f3lowie | Ko\u015bci\u00f3\u0142 Zielono\u015bwi\u0105tkowy Zb\u00f3r w \u017bywcu","isPartOf":{"@id":"https:\/\/kzzywiec.org\/#website"},"datePublished":"2024-04-20T10:37:36+00:00","dateModified":"2024-04-20T10:37:42+00:00","breadcrumb":{"@id":"https:\/\/kzzywiec.org\/wp-content\/uploads\/2024\/04\/14.04.2024-E-Gradek-Kr\u00f3lowie.mp3#breadcrumb"},"inLanguage":"pl-PL","potentialAction":[{"@type":"ReadAction","target":["https:\/\/kzzywiec.org\/wp-content\/uploads\/2024\/04\/14.04.2024-E-Gradek-Kr\u00f3lowie.mp3"]}]},{"@type":"BreadcrumbList","@id":"https:\/\/kzzywiec.org\/wp-content\/uploads\/2024\/04\/14.04.2024-E-Gradek-Kr\u00f3lowie.mp3#breadcrumb","itemListElement":[{"@type":"ListItem","position":1,"name":"Strona g\u0142\u00f3wna","item":"https:\/\/kzzywiec.org\/"},{"@type":"ListItem","position":2,"name":"Kr\u00f3lowie &#8211; E. Gradek","item":"https:\/\/kzzywiec.org\/index.php\/2024\/04\/14\/krolowie-e-gradek\/"},{"@type":"ListItem","position":3,"name":"14.04.2024 E Gradek- Kr\u00f3lowie"}]},{"@type":"WebSite","@id":"https:\/\/kzzywiec.org\/#website","url":"https:\/\/kzzywiec.org\/","name":"Ko\u015bci\u00f3\u0142 Zielono\u015bwi\u0105tkowy Zb\u00f3r w \u017bywcu","description":"","publisher":{"@id":"https:\/\/kzzywiec.org\/#organization"},"potentialAction":[{"@type":"SearchAction","target":{"@type":"EntryPoint","urlTemplate":"https:\/\/kzzywiec.org\/?s={search_term_string}"},"query-input":{"@type":"PropertyValueSpecification","valueRequired":true,"valueName":"search_term_string"}}],"inLanguage":"pl-PL"},{"@type":"Organization","@id":"https:\/\/kzzywiec.org\/#organization","name":"Ko\u015bci\u00f3\u0142 Zielono\u015bwi\u0105tkowy Zb\u00f3r w \u017bywcu","url":"https:\/\/kzzywiec.org\/","logo":{"@type":"ImageObject","inLanguage":"pl-PL","@id":"https:\/\/kzzywiec.org\/#\/schema\/logo\/image\/","url":"https:\/\/kzzywiec.org\/wp-content\/uploads\/2018\/02\/ikona.png","contentUrl":"https:\/\/kzzywiec.org\/wp-content\/uploads\/2018\/02\/ikona.png","width":512,"height":512,"caption":"Ko\u015bci\u00f3\u0142 Zielono\u015bwi\u0105tkowy Zb\u00f3r w \u017bywcu"},"image":{"@id":"https:\/\/kzzywiec.org\/#\/schema\/logo\/image\/"},"sameAs":["https:\/\/www.facebook.com\/kzzywiec\/"]}]}},"description":{"rendered":"<audio class=\"wp-audio-shortcode\" id=\"audio-2419-2\" preload=\"none\" style=\"width: 100%;\" controls=\"controls\"><source type=\"audio\/mpeg\" src=\"https:\/\/kzzywiec.org\/wp-content\/uploads\/2024\/04\/14.04.2024-E-Gradek-Kr\u00f3lowie.mp3?_=2\" \/><a href=\"https:\/\/kzzywiec.org\/wp-content\/uploads\/2024\/04\/14.04.2024-E-Gradek-Kr\u00f3lowie.mp3\">https:\/\/kzzywiec.org\/wp-content\/uploads\/2024\/04\/14.04.2024-E-Gradek-Kr\u00f3lowie.mp3<\/a><\/audio>\n<p>&#8222;14.04.2024 E Gradek- Kr\u00f3lowie&#8221;.<\/p>\n"},"caption":{"rendered":"<p>https:\/\/kzzywiec.org\/wp-content\/uploads\/2024\/04\/14.04.2024-E-Gradek-Kr\u00f3lowie.mp3 &#8222;14.04.2024 E Gradek- Kr\u00f3lowie&#8221;.<\/p>\n"},"alt_text":"","media_type":"file","mime_type":"audio\/mpeg","media_details":{"dataformat":"mp3","channels":1,"sample_rate":22050,"bitrate":48000,"channelmode":"mono","bitrate_mode":"cbr","lossless":false,"encoder_options":"CBR48","compression_ratio":0.1360544217687075,"fileformat":"mp3","filesize":16177044,"mime_type":"audio\/mpeg","length":2696,"length_formatted":"44:56","artist":"","album":"","sizes":{}},"post":2418,"source_url":"https:\/\/kzzywiec.org\/wp-content\/uploads\/2024\/04\/14.04.2024-E-Gradek-Kr\u00f3lowie.mp3","_links":{"self":[{"href":"https:\/\/kzzywiec.org\/index.php\/wp-json\/wp\/v2\/media\/2419","targetHints":{"allow":["GET"]}}],"collection":[{"href":"https:\/\/kzzywiec.org\/index.php\/wp-json\/wp\/v2\/media"}],"about":[{"href":"https:\/\/kzzywiec.org\/index.php\/wp-json\/wp\/v2\/types\/attachment"}],"author":[{"embeddable":true,"href":"https:\/\/kzzywiec.org\/index.php\/wp-json\/wp\/v2\/users\/3"}],"wp:attached-to":[{"embeddable":true,"post_type":"post","id":2418,"href":"https:\/\/kzzywiec.org\/index.php\/wp-json\/wp\/v2\/posts\/2418"}],"curies":[{"name":"wp","href":"https:\/\/api.w.org\/{rel}","templated":true}]}}

https://kzzywiec.org/wp-content/uploads/2024/04/14.04.2024-E-Gradek-Królowie.mp3

14.04.2024 E Gradek- Królowie

<!-- This site is optimized with the Yoast SEO plugin v26.8 - https://yoast.com/product/yoast-seo-wordpress/ -->
<title>14.04.2024 E Gradek- Królowie | Kościół Zielonoświątkowy Zbór w Żywcu</title>
<meta name="robots" content="index, follow, max-snippet:-1, max-image-preview:large, max-video-preview:-1" />
<link rel="canonical" href="https://kzzywiec.org/wp-content/uploads/2024/04/14.04.2024-E-Gradek-Królowie.mp3" />
<meta property="og:locale" content="pl_PL" />
<meta property="og:type" content="article" />
<meta property="og:title" content="14.04.2024 E Gradek- Królowie | Kościół Zielonoświątkowy Zbór w Żywcu" />
<meta property="og:description" content="https://kzzywiec.org/wp-content/uploads/2024/04/14.04.2024-E-Gradek-Królowie.mp3 &#8222;14.04.2024 E Gradek- Królowie&#8221;." />
<meta property="og:url" content="https://kzzywiec.org/wp-content/uploads/2024/04/14.04.2024-E-Gradek-Królowie.mp3" />
<meta property="og:site_name" content="Kościół Zielonoświątkowy Zbór w Żywcu" />
<meta property="article:publisher" content="https://www.facebook.com/kzzywiec/" />
<meta property="article:modified_time" content="2024-04-20T10:37:42+00:00" />
<meta name="twitter:card" content="summary_large_image" />
<script type="application/ld+json" class="yoast-schema-graph">{"@context":"https://schema.org","@graph":[{"@type":"WebPage","@id":"https://kzzywiec.org/wp-content/uploads/2024/04/14.04.2024-E-Gradek-Królowie.mp3","url":"https://kzzywiec.org/wp-content/uploads/2024/04/14.04.2024-E-Gradek-Królowie.mp3","name":"14.04.2024 E Gradek- Królowie | Kościół Zielonoświątkowy Zbór w Żywcu","isPartOf":{"@id":"https://kzzywiec.org/#website"},"datePublished":"2024-04-20T10:37:36+00:00","dateModified":"2024-04-20T10:37:42+00:00","breadcrumb":{"@id":"https://kzzywiec.org/wp-content/uploads/2024/04/14.04.2024-E-Gradek-Królowie.mp3#breadcrumb"},"inLanguage":"pl-PL","potentialAction":[{"@type":"ReadAction","target":["https://kzzywiec.org/wp-content/uploads/2024/04/14.04.2024-E-Gradek-Królowie.mp3"]}]},{"@type":"BreadcrumbList","@id":"https://kzzywiec.org/wp-content/uploads/2024/04/14.04.2024-E-Gradek-Królowie.mp3#breadcrumb","itemListElement":[{"@type":"ListItem","position":1,"name":"Strona główna","item":"https://kzzywiec.org/"},{"@type":"ListItem","position":2,"name":"Królowie &#8211; E. Gradek","item":"https://kzzywiec.org/index.php/2024/04/14/krolowie-e-gradek/"},{"@type":"ListItem","position":3,"name":"14.04.2024 E Gradek- Królowie"}]},{"@type":"WebSite","@id":"https://kzzywiec.org/#website","url":"https://kzzywiec.org/","name":"Kościół Zielonoświątkowy Zbór w Żywcu","description":"","publisher":{"@id":"https://kzzywiec.org/#organization"},"potentialAction":[{"@type":"SearchAction","target":{"@type":"EntryPoint","urlTemplate":"https://kzzywiec.org/?s={search_term_string}"},"query-input":{"@type":"PropertyValueSpecification","valueRequired":true,"valueName":"search_term_string"}}],"inLanguage":"pl-PL"},{"@type":"Organization","@id":"https://kzzywiec.org/#organization","name":"Kościół Zielonoświątkowy Zbór w Żywcu","url":"https://kzzywiec.org/","logo":{"@type":"ImageObject","inLanguage":"pl-PL","@id":"https://kzzywiec.org/#/schema/logo/image/","url":"https://kzzywiec.org/wp-content/uploads/2018/02/ikona.png","contentUrl":"https://kzzywiec.org/wp-content/uploads/2018/02/ikona.png","width":512,"height":512,"caption":"Kościół Zielonoświątkowy Zbór w Żywcu"},"image":{"@id":"https://kzzywiec.org/#/schema/logo/image/"},"sameAs":["https://www.facebook.com/kzzywiec/"]}]}</script>
<!-- / Yoast SEO plugin. -->

14.04.2024 E Gradek- Królowie | Kościół Zielonoświątkowy Zbór w Żywcu

https://kzzywiec.org/wp-content/uploads/2024/04/14.04.2024-E-Gradek-Królowie.mp3 &#8222;14.04.2024 E Gradek- Królowie&#8221;.

Kościół Zielonoświątkowy Zbór w Żywcu

https://kzzywiec.org/wp-content/uploads/2024/04/14.04.2024-E-Gradek-Królowie.mp3#breadcrumb

Strona główna

Królowie &#8211; E. Gradek

<audio class="wp-audio-shortcode" id="audio-2419-2" preload="none" style="width: 100%;" controls="controls"><source type="audio/mpeg" src="https://kzzywiec.org/wp-content/uploads/2024/04/14.04.2024-E-Gradek-Królowie.mp3?_=2" /><a href="https://kzzywiec.org/wp-content/uploads/2024/04/14.04.2024-E-Gradek-Królowie.mp3">https://kzzywiec.org/wp-content/uploads/2024/04/14.04.2024-E-Gradek-Królowie.mp3</a></audio>
<p>&#8222;14.04.2024 E Gradek- Królowie&#8221;.</p>

<p>https://kzzywiec.org/wp-content/uploads/2024/04/14.04.2024-E-Gradek-Królowie.mp3 &#8222;14.04.2024 E Gradek- Królowie&#8221;.</p>
