{"id":2049,"date":"2020-07-29T07:53:09","date_gmt":"2020-07-29T07:53:09","guid":{"rendered":"https:\/\/kzzywiec.org\/wp-content\/uploads\/2020\/07\/IMG_1708.jpg"},"modified":"2020-07-29T07:53:09","modified_gmt":"2020-07-29T07:53:09","slug":"img_1708","status":"inherit","type":"attachment","link":"https:\/\/kzzywiec.org\/index.php\/pogrzeb-wandy-miodonskiej\/img_1708\/","title":{"rendered":"IMG_1708"},"author":1,"featured_media":0,"comment_status":"closed","ping_status":"closed","template":"","meta":[],"class_list":["post-2049","attachment","type-attachment","status-inherit","hentry"],"yoast_head":"<!-- This site is optimized with the Yoast SEO plugin v26.8 - https:\/\/yoast.com\/product\/yoast-seo-wordpress\/ -->\n<title>IMG_1708 | Ko\u015bci\u00f3\u0142 Zielono\u015bwi\u0105tkowy Zb\u00f3r w \u017bywcu<\/title>\n<meta name=\"robots\" content=\"index, follow, max-snippet:-1, max-image-preview:large, max-video-preview:-1\" \/>\n<link rel=\"canonical\" href=\"https:\/\/kzzywiec.org\/wp-content\/uploads\/2020\/07\/IMG_1708.jpg\" \/>\n<meta property=\"og:locale\" content=\"pl_PL\" \/>\n<meta property=\"og:type\" content=\"article\" \/>\n<meta property=\"og:title\" content=\"IMG_1708 | Ko\u015bci\u00f3\u0142 Zielono\u015bwi\u0105tkowy Zb\u00f3r w \u017bywcu\" \/>\n<meta property=\"og:url\" content=\"https:\/\/kzzywiec.org\/wp-content\/uploads\/2020\/07\/IMG_1708.jpg\" \/>\n<meta property=\"og:site_name\" content=\"Ko\u015bci\u00f3\u0142 Zielono\u015bwi\u0105tkowy Zb\u00f3r w \u017bywcu\" \/>\n<meta property=\"article:publisher\" content=\"https:\/\/www.facebook.com\/kzzywiec\/\" \/>\n<meta property=\"og:image\" content=\"https:\/\/kzzywiec.org\/wp-content\/uploads\/2020\/07\/IMG_1708.jpg\" \/>\n\t<meta property=\"og:image:width\" content=\"2002\" \/>\n\t<meta property=\"og:image:height\" content=\"2761\" \/>\n\t<meta property=\"og:image:type\" content=\"image\/jpeg\" \/>\n<meta name=\"twitter:card\" content=\"summary_large_image\" \/>\n<script type=\"application\/ld+json\" class=\"yoast-schema-graph\">{\"@context\":\"https:\/\/schema.org\",\"@graph\":[{\"@type\":\"WebPage\",\"@id\":\"https:\/\/kzzywiec.org\/wp-content\/uploads\/2020\/07\/IMG_1708.jpg\",\"url\":\"https:\/\/kzzywiec.org\/wp-content\/uploads\/2020\/07\/IMG_1708.jpg\",\"name\":\"IMG_1708 | Ko\u015bci\u00f3\u0142 Zielono\u015bwi\u0105tkowy Zb\u00f3r w \u017bywcu\",\"isPartOf\":{\"@id\":\"https:\/\/kzzywiec.org\/#website\"},\"datePublished\":\"2020-07-29T07:53:09+00:00\",\"breadcrumb\":{\"@id\":\"https:\/\/kzzywiec.org\/wp-content\/uploads\/2020\/07\/IMG_1708.jpg#breadcrumb\"},\"inLanguage\":\"pl-PL\",\"potentialAction\":[{\"@type\":\"ReadAction\",\"target\":[\"https:\/\/kzzywiec.org\/wp-content\/uploads\/2020\/07\/IMG_1708.jpg\"]}]},{\"@type\":\"BreadcrumbList\",\"@id\":\"https:\/\/kzzywiec.org\/wp-content\/uploads\/2020\/07\/IMG_1708.jpg#breadcrumb\",\"itemListElement\":[{\"@type\":\"ListItem\",\"position\":1,\"name\":\"Strona g\u0142\u00f3wna\",\"item\":\"https:\/\/kzzywiec.org\/\"},{\"@type\":\"ListItem\",\"position\":2,\"name\":\"Pogrzeb Wandy Miodo\u0144skiej\",\"item\":\"https:\/\/kzzywiec.org\/index.php\/pogrzeb-wandy-miodonskiej\/\"},{\"@type\":\"ListItem\",\"position\":3,\"name\":\"IMG_1708\"}]},{\"@type\":\"WebSite\",\"@id\":\"https:\/\/kzzywiec.org\/#website\",\"url\":\"https:\/\/kzzywiec.org\/\",\"name\":\"Ko\u015bci\u00f3\u0142 Zielono\u015bwi\u0105tkowy Zb\u00f3r w \u017bywcu\",\"description\":\"\",\"publisher\":{\"@id\":\"https:\/\/kzzywiec.org\/#organization\"},\"potentialAction\":[{\"@type\":\"SearchAction\",\"target\":{\"@type\":\"EntryPoint\",\"urlTemplate\":\"https:\/\/kzzywiec.org\/?s={search_term_string}\"},\"query-input\":{\"@type\":\"PropertyValueSpecification\",\"valueRequired\":true,\"valueName\":\"search_term_string\"}}],\"inLanguage\":\"pl-PL\"},{\"@type\":\"Organization\",\"@id\":\"https:\/\/kzzywiec.org\/#organization\",\"name\":\"Ko\u015bci\u00f3\u0142 Zielono\u015bwi\u0105tkowy Zb\u00f3r w \u017bywcu\",\"url\":\"https:\/\/kzzywiec.org\/\",\"logo\":{\"@type\":\"ImageObject\",\"inLanguage\":\"pl-PL\",\"@id\":\"https:\/\/kzzywiec.org\/#\/schema\/logo\/image\/\",\"url\":\"https:\/\/kzzywiec.org\/wp-content\/uploads\/2018\/02\/ikona.png\",\"contentUrl\":\"https:\/\/kzzywiec.org\/wp-content\/uploads\/2018\/02\/ikona.png\",\"width\":512,\"height\":512,\"caption\":\"Ko\u015bci\u00f3\u0142 Zielono\u015bwi\u0105tkowy Zb\u00f3r w \u017bywcu\"},\"image\":{\"@id\":\"https:\/\/kzzywiec.org\/#\/schema\/logo\/image\/\"},\"sameAs\":[\"https:\/\/www.facebook.com\/kzzywiec\/\"]}]}<\/script>\n<!-- \/ Yoast SEO plugin. -->","yoast_head_json":{"title":"IMG_1708 | Ko\u015bci\u00f3\u0142 Zielono\u015bwi\u0105tkowy Zb\u00f3r w \u017bywcu","robots":{"index":"index","follow":"follow","max-snippet":"max-snippet:-1","max-image-preview":"max-image-preview:large","max-video-preview":"max-video-preview:-1"},"canonical":"https:\/\/kzzywiec.org\/wp-content\/uploads\/2020\/07\/IMG_1708.jpg","og_locale":"pl_PL","og_type":"article","og_title":"IMG_1708 | Ko\u015bci\u00f3\u0142 Zielono\u015bwi\u0105tkowy Zb\u00f3r w \u017bywcu","og_url":"https:\/\/kzzywiec.org\/wp-content\/uploads\/2020\/07\/IMG_1708.jpg","og_site_name":"Ko\u015bci\u00f3\u0142 Zielono\u015bwi\u0105tkowy Zb\u00f3r w \u017bywcu","article_publisher":"https:\/\/www.facebook.com\/kzzywiec\/","og_image":[{"width":2002,"height":2761,"url":"https:\/\/kzzywiec.org\/wp-content\/uploads\/2020\/07\/IMG_1708.jpg","type":"image\/jpeg"}],"twitter_card":"summary_large_image","schema":{"@context":"https:\/\/schema.org","@graph":[{"@type":"WebPage","@id":"https:\/\/kzzywiec.org\/wp-content\/uploads\/2020\/07\/IMG_1708.jpg","url":"https:\/\/kzzywiec.org\/wp-content\/uploads\/2020\/07\/IMG_1708.jpg","name":"IMG_1708 | Ko\u015bci\u00f3\u0142 Zielono\u015bwi\u0105tkowy Zb\u00f3r w \u017bywcu","isPartOf":{"@id":"https:\/\/kzzywiec.org\/#website"},"datePublished":"2020-07-29T07:53:09+00:00","breadcrumb":{"@id":"https:\/\/kzzywiec.org\/wp-content\/uploads\/2020\/07\/IMG_1708.jpg#breadcrumb"},"inLanguage":"pl-PL","potentialAction":[{"@type":"ReadAction","target":["https:\/\/kzzywiec.org\/wp-content\/uploads\/2020\/07\/IMG_1708.jpg"]}]},{"@type":"BreadcrumbList","@id":"https:\/\/kzzywiec.org\/wp-content\/uploads\/2020\/07\/IMG_1708.jpg#breadcrumb","itemListElement":[{"@type":"ListItem","position":1,"name":"Strona g\u0142\u00f3wna","item":"https:\/\/kzzywiec.org\/"},{"@type":"ListItem","position":2,"name":"Pogrzeb Wandy Miodo\u0144skiej","item":"https:\/\/kzzywiec.org\/index.php\/pogrzeb-wandy-miodonskiej\/"},{"@type":"ListItem","position":3,"name":"IMG_1708"}]},{"@type":"WebSite","@id":"https:\/\/kzzywiec.org\/#website","url":"https:\/\/kzzywiec.org\/","name":"Ko\u015bci\u00f3\u0142 Zielono\u015bwi\u0105tkowy Zb\u00f3r w \u017bywcu","description":"","publisher":{"@id":"https:\/\/kzzywiec.org\/#organization"},"potentialAction":[{"@type":"SearchAction","target":{"@type":"EntryPoint","urlTemplate":"https:\/\/kzzywiec.org\/?s={search_term_string}"},"query-input":{"@type":"PropertyValueSpecification","valueRequired":true,"valueName":"search_term_string"}}],"inLanguage":"pl-PL"},{"@type":"Organization","@id":"https:\/\/kzzywiec.org\/#organization","name":"Ko\u015bci\u00f3\u0142 Zielono\u015bwi\u0105tkowy Zb\u00f3r w \u017bywcu","url":"https:\/\/kzzywiec.org\/","logo":{"@type":"ImageObject","inLanguage":"pl-PL","@id":"https:\/\/kzzywiec.org\/#\/schema\/logo\/image\/","url":"https:\/\/kzzywiec.org\/wp-content\/uploads\/2018\/02\/ikona.png","contentUrl":"https:\/\/kzzywiec.org\/wp-content\/uploads\/2018\/02\/ikona.png","width":512,"height":512,"caption":"Ko\u015bci\u00f3\u0142 Zielono\u015bwi\u0105tkowy Zb\u00f3r w \u017bywcu"},"image":{"@id":"https:\/\/kzzywiec.org\/#\/schema\/logo\/image\/"},"sameAs":["https:\/\/www.facebook.com\/kzzywiec\/"]}]}},"description":{"rendered":"<p class=\"attachment\"><a href='https:\/\/kzzywiec.org\/wp-content\/uploads\/2020\/07\/IMG_1708.jpg'><img loading=\"lazy\" decoding=\"async\" width=\"218\" height=\"300\" src=\"https:\/\/kzzywiec.org\/wp-content\/uploads\/2020\/07\/IMG_1708-218x300.jpg\" class=\"attachment-medium size-medium\" alt=\"\" srcset=\"https:\/\/kzzywiec.org\/wp-content\/uploads\/2020\/07\/IMG_1708-218x300.jpg 218w, https:\/\/kzzywiec.org\/wp-content\/uploads\/2020\/07\/IMG_1708-768x1059.jpg 768w, https:\/\/kzzywiec.org\/wp-content\/uploads\/2020\/07\/IMG_1708-743x1024.jpg 743w, https:\/\/kzzywiec.org\/wp-content\/uploads\/2020\/07\/IMG_1708.jpg 2002w\" sizes=\"auto, 100vw\" \/><\/a><\/p>\n"},"caption":{"rendered":""},"alt_text":"","media_type":"image","mime_type":"image\/jpeg","media_details":{"width":2002,"height":2761,"file":"2020\/07\/IMG_1708.jpg","sizes":{"thumbnail":{"file":"IMG_1708-150x150.jpg","width":150,"height":150,"mime_type":"image\/jpeg","source_url":"https:\/\/kzzywiec.org\/wp-content\/uploads\/2020\/07\/IMG_1708-150x150.jpg"},"medium":{"file":"IMG_1708-218x300.jpg","width":218,"height":300,"mime_type":"image\/jpeg","source_url":"https:\/\/kzzywiec.org\/wp-content\/uploads\/2020\/07\/IMG_1708-218x300.jpg"},"medium_large":{"file":"IMG_1708-768x1059.jpg","width":768,"height":1059,"mime_type":"image\/jpeg","source_url":"https:\/\/kzzywiec.org\/wp-content\/uploads\/2020\/07\/IMG_1708-768x1059.jpg"},"large":{"file":"IMG_1708-743x1024.jpg","width":743,"height":1024,"mime_type":"image\/jpeg","source_url":"https:\/\/kzzywiec.org\/wp-content\/uploads\/2020\/07\/IMG_1708-743x1024.jpg"},"twentyseventeen-featured-image":{"file":"IMG_1708-2000x1200.jpg","width":2000,"height":1200,"mime_type":"image\/jpeg","source_url":"https:\/\/kzzywiec.org\/wp-content\/uploads\/2020\/07\/IMG_1708-2000x1200.jpg"},"twentyseventeen-thumbnail-avatar":{"file":"IMG_1708-100x100.jpg","width":100,"height":100,"mime_type":"image\/jpeg","source_url":"https:\/\/kzzywiec.org\/wp-content\/uploads\/2020\/07\/IMG_1708-100x100.jpg"},"sow-carousel-default":{"file":"IMG_1708-272x182.jpg","width":272,"height":182,"mime_type":"image\/jpeg","source_url":"https:\/\/kzzywiec.org\/wp-content\/uploads\/2020\/07\/IMG_1708-272x182.jpg"},"full":{"file":"IMG_1708.jpg","width":2002,"height":2761,"mime_type":"image\/jpeg","source_url":"https:\/\/kzzywiec.org\/wp-content\/uploads\/2020\/07\/IMG_1708.jpg"}},"image_meta":{"aperture":"0","credit":"","camera":"","caption":"","created_timestamp":"0","copyright":"","focal_length":"0","iso":"0","shutter_speed":"0","title":"","orientation":"1","keywords":[]}},"post":2002,"source_url":"https:\/\/kzzywiec.org\/wp-content\/uploads\/2020\/07\/IMG_1708.jpg","_links":{"self":[{"href":"https:\/\/kzzywiec.org\/index.php\/wp-json\/wp\/v2\/media\/2049","targetHints":{"allow":["GET"]}}],"collection":[{"href":"https:\/\/kzzywiec.org\/index.php\/wp-json\/wp\/v2\/media"}],"about":[{"href":"https:\/\/kzzywiec.org\/index.php\/wp-json\/wp\/v2\/types\/attachment"}],"author":[{"embeddable":true,"href":"https:\/\/kzzywiec.org\/index.php\/wp-json\/wp\/v2\/users\/1"}],"wp:attached-to":[{"embeddable":true,"post_type":"page","id":2002,"href":"https:\/\/kzzywiec.org\/index.php\/wp-json\/wp\/v2\/pages\/2002"}],"curies":[{"name":"wp","href":"https:\/\/api.w.org\/{rel}","templated":true}]}}

<!-- This site is optimized with the Yoast SEO plugin v26.8 - https://yoast.com/product/yoast-seo-wordpress/ -->
<title>IMG_1708 | Kościół Zielonoświątkowy Zbór w Żywcu</title>
<meta name="robots" content="index, follow, max-snippet:-1, max-image-preview:large, max-video-preview:-1" />
<link rel="canonical" href="https://kzzywiec.org/wp-content/uploads/2020/07/IMG_1708.jpg" />
<meta property="og:locale" content="pl_PL" />
<meta property="og:type" content="article" />
<meta property="og:title" content="IMG_1708 | Kościół Zielonoświątkowy Zbór w Żywcu" />
<meta property="og:url" content="https://kzzywiec.org/wp-content/uploads/2020/07/IMG_1708.jpg" />
<meta property="og:site_name" content="Kościół Zielonoświątkowy Zbór w Żywcu" />
<meta property="article:publisher" content="https://www.facebook.com/kzzywiec/" />
<meta property="og:image" content="https://kzzywiec.org/wp-content/uploads/2020/07/IMG_1708.jpg" />
	<meta property="og:image:width" content="2002" />
	<meta property="og:image:height" content="2761" />
	<meta property="og:image:type" content="image/jpeg" />
<meta name="twitter:card" content="summary_large_image" />
<script type="application/ld+json" class="yoast-schema-graph">{"@context":"https://schema.org","@graph":[{"@type":"WebPage","@id":"https://kzzywiec.org/wp-content/uploads/2020/07/IMG_1708.jpg","url":"https://kzzywiec.org/wp-content/uploads/2020/07/IMG_1708.jpg","name":"IMG_1708 | Kościół Zielonoświątkowy Zbór w Żywcu","isPartOf":{"@id":"https://kzzywiec.org/#website"},"datePublished":"2020-07-29T07:53:09+00:00","breadcrumb":{"@id":"https://kzzywiec.org/wp-content/uploads/2020/07/IMG_1708.jpg#breadcrumb"},"inLanguage":"pl-PL","potentialAction":[{"@type":"ReadAction","target":["https://kzzywiec.org/wp-content/uploads/2020/07/IMG_1708.jpg"]}]},{"@type":"BreadcrumbList","@id":"https://kzzywiec.org/wp-content/uploads/2020/07/IMG_1708.jpg#breadcrumb","itemListElement":[{"@type":"ListItem","position":1,"name":"Strona główna","item":"https://kzzywiec.org/"},{"@type":"ListItem","position":2,"name":"Pogrzeb Wandy Miodońskiej","item":"https://kzzywiec.org/index.php/pogrzeb-wandy-miodonskiej/"},{"@type":"ListItem","position":3,"name":"IMG_1708"}]},{"@type":"WebSite","@id":"https://kzzywiec.org/#website","url":"https://kzzywiec.org/","name":"Kościół Zielonoświątkowy Zbór w Żywcu","description":"","publisher":{"@id":"https://kzzywiec.org/#organization"},"potentialAction":[{"@type":"SearchAction","target":{"@type":"EntryPoint","urlTemplate":"https://kzzywiec.org/?s={search_term_string}"},"query-input":{"@type":"PropertyValueSpecification","valueRequired":true,"valueName":"search_term_string"}}],"inLanguage":"pl-PL"},{"@type":"Organization","@id":"https://kzzywiec.org/#organization","name":"Kościół Zielonoświątkowy Zbór w Żywcu","url":"https://kzzywiec.org/","logo":{"@type":"ImageObject","inLanguage":"pl-PL","@id":"https://kzzywiec.org/#/schema/logo/image/","url":"https://kzzywiec.org/wp-content/uploads/2018/02/ikona.png","contentUrl":"https://kzzywiec.org/wp-content/uploads/2018/02/ikona.png","width":512,"height":512,"caption":"Kościół Zielonoświątkowy Zbór w Żywcu"},"image":{"@id":"https://kzzywiec.org/#/schema/logo/image/"},"sameAs":["https://www.facebook.com/kzzywiec/"]}]}</script>
<!-- / Yoast SEO plugin. -->

IMG_1708 | Kościół Zielonoświątkowy Zbór w Żywcu

Kościół Zielonoświątkowy Zbór w Żywcu

Strona główna

Pogrzeb Wandy Miodońskiej
